s digit of 2975259?
2
What is the ten millions digit of 14051220?
1
What is the ten thousands digit of 5884118?
8
What is the hundred thousands digit of 18345243?
3
What is the hundreds digit of 75369?
3
What is the hundreds digit of 27127262?
2
What is the thousands digit of 4534757?
4
What is the hundred thousands digit of 16065972?
0
What is the hundreds digit of 646065?
0
What is the ten thousands digit of 31618?
3
What is the ten millions digit of 37523188?
3
What is the hundreds digit of 1497806?
8
What is the thousands digit of 1206817?
6
What is the units digit of 558908?
8
What is the ten millions digit of 24546339?
2
What is the hundred thousands digit of 262311?
2
What is the tens digit of 444469?
6
What is the tens digit of 9878749?
4
What is the tens digit of 11868?
6
What is the thousands digit of 2065120?
5
What is the ten thousands digit of 206319?
0
What is the units digit of 2411314?
4
What is the hundreds digit of 2233303?
3
What is the hundred thousands digit of 551989?
5
What is the thousands digit of 67799?
7
What is the thousands digit of 137412?
7
What is the tens digit of 22350956?
5
What is the hundreds digit of 793883?
8
What is the hundred thousands digit of 5882396?
8
What is the ten thousands digit of 303984?
0
What is the ten thousands digit of 20215649?
1
What is the thousands digit of 676173?
6
What is the units digit of 11821877?
7
What is the hundred thousands digit of 474109?
4
What is the tens digit of 1101612?
1
What is the units digit of 5591365?
5
What is the tens digit of 75699?
9
What is the tens digit of 1331730?
3
What is the hundreds digit of 833024?
0
What is the thousands digit of 8112175?
2
What is the hundreds digit of 9831082?
0
What is the ten thousands digit of 631916?
3
What is the millions digit of 8568448?
8
What is the ten thousands digit of 1896606?
9
What is the millions digit of 1497049?
1
What is the ten millions digit of 22098187?
2
What is the units digit of 2247125?
5
What is the hundred thousands digit of 725582?
7
What is the thousands digit of 812178?
2
What is the millions digit of 1271295?
1
What is the hundred thousands digit of 1622977?
6
What is the tens digit of 2427514?
1
What is the hundred thousands digit of 16980197?
9
What is the units digit of 379218?
8
What is the millions digit of 4002646?
4
What is the ten millions digit of 23604978?
2
What is the thousands digit of 464610?
4
What is the hundred thousands digit of 4261210?
2
What is the hundreds digit of 850290?
2
What is the ten thousands digit of 80840?
8
What is the units digit of 2216047?
7
What is the hundred thousands digit of 192222?
1
What is the units digit of 11286789?
9
What is the thousands digit of 3494217?
4
What is the tens digit of 1129459?
5
What is the thousands digit of 30683?
0
What is the hundred thousands digit of 864250?
8
What is the hundreds digit of 2659542?
5
What is the hundreds digit of 877163?
1
What is the units digit of 42345?
5
What is the millions digit of 9090127?
9
What is the units digit of 33483006?
6
What is the ten thousands digit of 239954?
3
What is the ten thousands digit of 8954797?
5
What is the units digit of 549683?
3
What is the hundred thousands digit of 1308278?
3
What is the ten thousands digit of 159952?
5
What is the thousands digit of 746740?
6
What is the units digit of 4643303?
3
What is the hundreds digit of 33786?
7
What is the hundreds digit of 692673?
6
What is the ten thousands digit of 7193888?
9
What is the hundreds digit of 595379?
3
What is the millions digit of 2037441?
2
What is the tens digit of 2609030?
3
What is the hundred thousands digit of 1885967?
8
What is the hundreds digit of 221153?
1
What is the units digit of 2554706?
6
What is the hundred thousands digit of 210249?
2
What is the hundreds digit of 62507?
5
What is the hundred thousands digit of 577276?
5
What is the tens digit of 66556?
5
What is the tens digit of 93034?
3
What is the tens digit of 26434862?
6
What is the ten thousands digit of 2427211?
2
What is the tens digit of 6018563?
6
What is the tens digit of 793953?
5
What is the tens digit of 855582?
8
What is the ten thousands digit of 55115?
5
What is the thousands digit of 33105?
3
What is the thousands digit of 6655604?
5
What is the thousands digit of 28183171?
3
What is the hundreds digit of 442796?
7
What is the thousands digit of 4738032?
8
What is the thousands digit of 1607711?
7
What is the units digit of 109821?
1
What is the ten millions digit of 21830402?
2
What is the hundred thousands digit of 314285?
3
What is the millions digit of 2589999?
2
What is the ten thousands digit of 1251271?
5
What is the hundreds digit of 5395673?
6
What is the thousands digit of 1683408?
3
What is the tens digit of 54274?
7
What is the units digit of 222339?
9
What is the tens digit of 1137469?
6
What is the ten thousands digit of 595406?
9
What is the hundreds digit of 1225582?
5
What is the tens digit of 224484?
8
What is the hundred thousands digit of 1163174?
1
What is the millions digit of 6159703?
6
What is the thousands digit of 215279?
5
What is the hundred thousands digit of 710276?
7
What is the thousands digit of 471413?
1
What is the tens digit of 820014?
1
What is the tens digit of 984299?
9
What is the hundred thousands digit of 2716860?
7
What is the ten millions digit of 15348591?
1
What is the hundreds digit of 3363005?
0
What is the thousands digit of 5222540?
2
What is the hundred thousands digit of 7098076?
0
What is the tens digit of 374868?
6
What is the tens digit of 171820?
2
What is the hundreds digit of 2056928?
9
What is the thousands digit of 29891688?
1
What is the thousands digit of 2389995?
9
What is the hundreds digit of 416435?
4
What is the hundred thousands digit of 282021?
2
What is the hundreds digit of 6492899?
8
What is the ten thousands digit of 12267297?
6
What is the hundred thousands digit of 448789?
4
What is the hundred thousands digit of 5031924?
0
What is the hundred thousands digit of 660615?
6
What is the units digit of 73987?
7
What is the tens digit of 1034071?
7
What is the units digit of 257887?
7
What is the hundreds digit of 684501?
5
What is the thousands digit of 589307?
9
What is the tens digit of 2451102?
0
What is the hundred thousands digit of 1084466?
0
What is the ten thousands digit of 213661?
1
What is the millions digit of 5987422?
5
What is the ten thousands digit of 757010?
5
What is the hundred thousands digit of 1506152?
5
What is the hundred thousands digit of 1109818?
1
What is the tens digit of 869475?
7
What is the units digit of 388833?
3
What is the thousands digit of 177962?
7
What is the thousands digit of 3237794?
7
What is the ten thousands digit of 8697591?
9
What is the thousands digit of 540009?
0
What is the units digit of 360132?
2
What is the hundreds digit of 3496837?
8
What is the units digit of 42948?
8
What is the tens digit of 1611022?
2
What is the tens digit of 491262?
6
What is the millions digit of 7763901?
7
What is the millions digit of 1446289?
1
What is the ten millions digit of 45708713?
4
What is the millions digit of 11963082?
1
What is the tens digit of 222121?
2
What is the hundred thousands digit of 153225?
1
What is the ten thousands digit of 18411707?
1
What is the millions digit of 11179810?
1
What is the thousands digit of 1260613?
0
What is the thousands digit of 2574491?
4
What is the ten thousands digit of 486925?
8
What is the hundred thousands digit of 6866702?
8
What is the hundreds digit of 234202?
2
What is the tens digit of 95019?
1
What is the thousands digit of 4237620?
7
What is the units digit of 216589?
9
What is the tens digit of 7927586?
8
What is the ten thousands digit of 656355?
5
What is the hundred thousands digit of 941506?
9
What is the hundreds digit of 8672180?
1
What is the hundreds digit of 1762102?
1
What is the tens digit of 1639118?
1
What is the hundred thousands digit of 340589?
3
What is the ten thousands digit of 9760622?
6
What is the units digit of 689786?
6
What is the hundreds digit of 1495472?
4
What is the hundreds digit of 9238743?
7
What is the thousands digit of 735912?
5
What is the millions digit of 1188373?
1
What is the hundreds digit of 224965?
9
What is the hundreds dig